{"id":23,"date":"2025-09-19T14:17:36","date_gmt":"2025-09-19T12:17:36","guid":{"rendered":"https:\/\/d2.dreamlink.pl\/spim\/?page_id=23"},"modified":"2025-10-05T14:54:16","modified_gmt":"2025-10-05T12:54:16","slug":"cele","status":"publish","type":"page","link":"https:\/\/d2.dreamlink.pl\/spim\/?page_id=23","title":{"rendered":"Cele"},"content":{"rendered":"\n<h2>Cele strategiczne<\/h2>\n<h3>1. Zmiana postrzegania influencer marketingu<\/h3>\n<li>Budowanie wizerunku influencer\u00f3w jako profesjonalnych tw\u00f3rc\u00f3w, a influencer marketingu jako skutecznego i strategicznego narz\u0119dzia komunikacji.<\/li>\n<li>Kreowanie stowarzyszenia jako autorytetu w bran\u017cy.<\/li>\n<li>Dzia\u0142ania na rzecz transparentno\u015bci i etyki w influencer marketingu.<\/li>\n<p><\/p>\n<h3>2. Wzmocnienie pozycji influencer marketingu w bran\u017cy marketingowej<\/h3>\n<li>Zacie\u015bnienie wsp\u00f3\u0142pracy z IAB, SAR, IAA, POR, UOKiK oraz platformami social media.<\/li>\n<li>Wsp\u00f3\u0142praca z markami i agencjami w zakresie standaryzacji dzia\u0142a\u0144.<\/li>\n<li>Promowanie influencer marketingu jako kluczowego elementu strategii digital marketingu.<\/li>\n<p><\/p>\n<h3>3. Liderstwo merytoryczne i edukacja rynku<\/h3>\n<li>Tworzenie raport\u00f3w bran\u017cowych, kodeks\u00f3w dobrych praktyk i rekomendacji.<\/li>\n<li>Organizacja warsztat\u00f3w, webinar\u00f3w i program\u00f3w edukacyjnych.<\/li>\n<li>Wsp\u00f3\u0142praca z uczelniami i szko\u0142ami w zakresie edukacji medialnej. <\/li>\n<p><\/p>\n<h3>4. Wsparcie influencer\u00f3w i dbanie o ich interesy<\/h3>\n<li>Opracowanie modelu certyfikacji influencer\u00f3w i agencji.<\/li>\n<li>Doradztwo prawne i podatkowe dla tw\u00f3rc\u00f3w. <\/li>\n<li>Tworzenie przestrzeni do wymiany do\u015bwiadcze\u0144 i networkingu. <\/li>\n<p><\/p>\n<h3>5. Dbanie o bezpiecze\u0144stwo u\u017cytkownik\u00f3w social media<\/h3>\n<li>Wsp\u00f3\u0142praca z legislatorami i platformami w zakresie regulacji dotycz\u0105cych transparentno\u015bci reklam i ochrony konsument\u00f3w. <\/li>\n<li>Promowanie odpowiedzialnej komunikacji w social media.<\/li>\n<li>Walka z dezinformacj\u0105 i nieetycznymi praktykami w influencer marketingu. <\/li>\n\n\n\n\n<p><\/p>\n","protected":false},"excerpt":{"rendered":"<p>Cele strategiczne 1. Zmiana postrzegania influencer marketingu Budowanie wizerunku influencer\u00f3w jako profesjonalnych tw\u00f3rc\u00f3w, a influencer marketingu jako skutecznego i strategicznego narz\u0119dzia komunikacji. Kreowanie stowarzyszenia jako autorytetu w bran\u017cy. Dzia\u0142ania na rzecz transparentno\u015bci i etyki w influencer marketingu. 2. Wzmocnienie pozycji influencer marketingu w bran\u017cy marketingowej Zacie\u015bnienie wsp\u00f3\u0142pracy z IAB, SAR, IAA, POR, UOKiK oraz platformami [&hellip;]<\/p>\n","protected":false},"author":1,"featured_media":0,"parent":0,"menu_order":0,"comment_status":"closed","ping_status":"closed","template":"page-cele.php","meta":{"_acf_changed":false,"footnotes":""},"class_list":["post-23","page","type-page","status-publish","hentry"],"acf":[],"_links":{"self":[{"href":"https:\/\/d2.dreamlink.pl\/spim\/index.php?rest_route=\/wp\/v2\/pages\/23","targetHints":{"allow":["GET"]}}],"collection":[{"href":"https:\/\/d2.dreamlink.pl\/spim\/index.php?rest_route=\/wp\/v2\/pages"}],"about":[{"href":"https:\/\/d2.dreamlink.pl\/spim\/index.php?rest_route=\/wp\/v2\/types\/page"}],"author":[{"embeddable":true,"href":"https:\/\/d2.dreamlink.pl\/spim\/index.php?rest_route=\/wp\/v2\/users\/1"}],"replies":[{"embeddable":true,"href":"https:\/\/d2.dreamlink.pl\/spim\/index.php?rest_route=%2Fwp%2Fv2%2Fcomments&post=23"}],"version-history":[{"count":2,"href":"https:\/\/d2.dreamlink.pl\/spim\/index.php?rest_route=\/wp\/v2\/pages\/23\/revisions"}],"predecessor-version":[{"id":124,"href":"https:\/\/d2.dreamlink.pl\/spim\/index.php?rest_route=\/wp\/v2\/pages\/23\/revisions\/124"}],"wp:attachment":[{"href":"https:\/\/d2.dreamlink.pl\/spim\/index.php?rest_route=%2Fwp%2Fv2%2Fmedia&parent=23"}],"curies":[{"name":"wp","href":"https:\/\/api.w.org\/{rel}","templated":true}]}}