{"id":28,"date":"2025-09-19T21:09:26","date_gmt":"2025-09-19T19:09:26","guid":{"rendered":"https:\/\/d2.dreamlink.pl\/spim\/?page_id=28"},"modified":"2025-10-05T14:59:34","modified_gmt":"2025-10-05T12:59:34","slug":"status","status":"publish","type":"page","link":"https:\/\/d2.dreamlink.pl\/spim\/?page_id=28","title":{"rendered":"Statut"},"content":{"rendered":"\n      <h2>Wprowadzenie do statutu<\/h2>\n        Statut SPIM jest fundamentalnym dokumentem opisuj\u0105cym nasze Stowarzyszenie. Okre\u015bla on zasady funkcjonowania organizacji, jej struktur\u0119, cele oraz metody dzia\u0142ania, a tak\u017ce prawa i obowi\u0105zki cz\u0142onk\u00f3w. Dzi\u0119ki niemu Stowarzyszenie mo\u017ce dzia\u0142a\u0107 w spos\u00f3b transparentny, uporz\u0105dkowany i zgodny z obowi\u0105zuj\u0105cym prawem.\n        Statut zawiera sze\u015b\u0107 g\u0142\u00f3wnych rozdzia\u0142\u00f3w. W pierwszym z nich zawarte s\u0105 postanowienia og\u00f3lne, okre\u015blaj\u0105ce nazw\u0119, podstawy prawne, siedzib\u0119 i teren dzia\u0142ania organizacji. Drugi rozdzia\u0142 opisuje cele Stowarzyszenia oraz \u015brodki ich realizacji, takie jak szkolenia czy wsp\u00f3\u0142praca z instytucjami. Trzeci po\u015bwi\u0119cony jest cz\u0142onkostwu \u2013 jego rodzajom oraz prawom i obowi\u0105zkom cz\u0142onk\u00f3w. W kolejnym przedstawiona jest struktura w\u0142adz: Walne Zebranie Cz\u0142onk\u00f3w, Zarz\u0105d oraz Komisja Rewizyjna, wraz z zasadami ich wyboru i kompetencjami. Rozdzia\u0142 pi\u0105ty reguluje kwestie maj\u0105tku i finans\u00f3w, wskazuj\u0105c \u017ar\u00f3d\u0142a przychod\u00f3w i spos\u00f3b ich wykorzystania, a ostatni opisuje procedury zwi\u0105zane ze zmian\u0105 statutu oraz rozwi\u0105zaniem Stowarzyszenia.\n\n\n","protected":false},"excerpt":{"rendered":"<p>Wprowadzenie do statutu Statut SPIM jest fundamentalnym dokumentem opisuj\u0105cym nasze Stowarzyszenie. Okre\u015bla on zasady funkcjonowania organizacji, jej struktur\u0119, cele oraz metody dzia\u0142ania, a tak\u017ce prawa i obowi\u0105zki cz\u0142onk\u00f3w. Dzi\u0119ki niemu Stowarzyszenie mo\u017ce dzia\u0142a\u0107 w spos\u00f3b transparentny, uporz\u0105dkowany i zgodny z obowi\u0105zuj\u0105cym prawem. Statut zawiera sze\u015b\u0107 g\u0142\u00f3wnych rozdzia\u0142\u00f3w. W pierwszym z nich zawarte s\u0105 postanowienia og\u00f3lne, [&hellip;]<\/p>\n","protected":false},"author":1,"featured_media":0,"parent":0,"menu_order":0,"comment_status":"closed","ping_status":"closed","template":"page-statut.php","meta":{"_acf_changed":false,"footnotes":""},"class_list":["post-28","page","type-page","status-publish","hentry"],"acf":[],"_links":{"self":[{"href":"https:\/\/d2.dreamlink.pl\/spim\/index.php?rest_route=\/wp\/v2\/pages\/28","targetHints":{"allow":["GET"]}}],"collection":[{"href":"https:\/\/d2.dreamlink.pl\/spim\/index.php?rest_route=\/wp\/v2\/pages"}],"about":[{"href":"https:\/\/d2.dreamlink.pl\/spim\/index.php?rest_route=\/wp\/v2\/types\/page"}],"author":[{"embeddable":true,"href":"https:\/\/d2.dreamlink.pl\/spim\/index.php?rest_route=\/wp\/v2\/users\/1"}],"replies":[{"embeddable":true,"href":"https:\/\/d2.dreamlink.pl\/spim\/index.php?rest_route=%2Fwp%2Fv2%2Fcomments&post=28"}],"version-history":[{"count":3,"href":"https:\/\/d2.dreamlink.pl\/spim\/index.php?rest_route=\/wp\/v2\/pages\/28\/revisions"}],"predecessor-version":[{"id":128,"href":"https:\/\/d2.dreamlink.pl\/spim\/index.php?rest_route=\/wp\/v2\/pages\/28\/revisions\/128"}],"wp:attachment":[{"href":"https:\/\/d2.dreamlink.pl\/spim\/index.php?rest_route=%2Fwp%2Fv2%2Fmedia&parent=28"}],"curies":[{"name":"wp","href":"https:\/\/api.w.org\/{rel}","templated":true}]}}